when 19692 is divided by 561.
57
What is the remainder when 5481775 is divided by 5487?
262
What is the remainder when 2640492 is divided by 1874?
26
What is the remainder when 1801092 is divided by 501?
498
Calculate the remainder when 38164533 is divided by 5452075.
8
Calculate the remainder when 12266555 is divided by 160.
155
Calculate the remainder when 1143381 is divided by 44.
41
Calculate the remainder when 16614271 is divided by 3399.
3358
What is the remainder when 1273868 is divided by 2359?
8
What is the remainder when 98361351 is divided by 371?
347
Calculate the remainder when 435093 is divided by 840.
813
What is the remainder when 1082564 is divided by 241?
233
Calculate the remainder when 151748 is divided by 8430.
8
What is the remainder when 992471 is divided by 23041?
1708
What is the remainder when 357093 is divided by 363?
264
What is the remainder when 28269 is divided by 6891?
705
What is the remainder when 39353 is divided by 16053?
7247
Calculate the remainder when 3128477 is divided by 68010.
17
What is the remainder when 47779003 is divided by 14?
13
What is the remainder when 1229765 is divided by 81?
23
Calculate the remainder when 1780979 is divided by 1780961.
18
What is the remainder when 308869 is divided by 3321?
16
Calculate the remainder when 127913 is divided by 7898.
1545
What is the remainder when 293084 is divided by 6496?
764
What is the remainder when 159893 is divided by 601?
27
Calculate the remainder when 522599 is divided by 52259.
9
What is the remainder when 9560465 is divided by 2730?
5
What is the remainder when 31317 is divided by 5508?
3777
What is the remainder when 2488567 is divided by 829512?
31
Calculate the remainder when 2415973 is divided by 3070.
2953
What is the remainder when 240747858 is divided by 10?
8
What is the remainder when 1684620 is divided by 168454?
80
What is the remainder when 205417 is divided by 102686?
45
What is the remainder when 746777 is divided by 509?
74
Calculate the remainder when 1259637002 is divided by 55.
52
What is the remainder when 8956310 is divided by 33?
11
Calculate the remainder when 1803974 is divided by 1136.
6
Calculate the remainder when 25608590 is divided by 410.
400
What is the remainder when 5183236 is divided by 638?
124
Calculate the remainder when 23379 is divided by 847.
510
What is the remainder when 272784 is divided by 272759?
25
Calculate the remainder when 4861741 is divided by 2927.
2921
Calculate the remainder when 261782 is divided by 61.
31
What is the remainder when 413242 is divided by 14244?
166
What is the remainder when 280470398 is divided by 1120?
1118
What is the remainder when 2094619 is divided by 2322?
175
What is the remainder when 26272540 is divided by 489?
37
What is the remainder when 4291617 is divided by 2162?
47
Calculate the remainder when 462772 is divided by 4924.
4840
Calculate the remainder when 28049 is divided by 2791.
139
What is the remainder when 4235899 is divided by 1290?
829
Calculate the remainder when 2703246005 is divided by 139.
137
What is the remainder when 1406645 is divided by 4495?
4205
What is the remainder when 58502831 is divided by 125?
81
Calculate the remainder when 75298 is divided by 12406.
862
Calculate the remainder when 4200814 is divided by 19.
9
What is the remainder when 43094396 is divided by 2911?
2863
Calculate the remainder when 71412 is divided by 22828.
2928
Calculate the remainder when 224647 is divided by 1639.
104
What is the remainder when 25394459 is divided by 68?
63
What is the remainder when 153052 is divided by 12621?
1600
Calculate the remainder when 124842 is divided by 5630.
982
Calculate the remainder when 10804119 is divided by 106971.
48
Calculate the remainder when 75723 is divided by 4205.
33
Calculate the remainder when 4099216 is divided by 1366394.
34
Calculate the remainder when 3473756 is divided by 696.
20
Calculate the remainder when 57266 is divided by 26705.
3856
Calculate the remainder when 18912 is divided by 5078.
3678
Calculate the remainder when 170115 is divided by 162593.
7522
What is the remainder when 579154 is divided by 518?
30
What is the remainder when 143470798 is divided by 131?
122
Calculate the remainder when 75753495 is divided by 24.
15
Calculate the remainder when 4334892 is divided by 19794.
6
Calculate the remainder when 64161502 is divided by 61.
55
Calculate the remainder when 1474722 is divided by 737284.
154
What is the remainder when 66794 is divided by 7249?
1553
What is the remainder when 390676 is divided by 5349?
199
Calculate the remainder when 2835207 is divided by 382.
3
Calculate the remainder when 28985948 is divided by 143.
134
Calculate the remainder when 8938 is divided by 1521.
1333
What is the remainder when 205617 is divided by 142?
1
Calculate the remainder when 20810 is divided by 8976.
2858
What is the remainder when 68919191 is divided by 147?
5
Calculate the remainder when 265918 is divided by 295.
123
Calculate the remainder when 7375481 is divided by 1672.
289
What is the remainder when 136460 is divided by 7460?
2180
Calculate the remainder when 2146038 is divided by 22830.
18
What is the remainder when 938048120 is divided by 52?
48
Calculate the remainder when 1886874 is divided by 628709.
747
Calculate the remainder when 4586163 is divided by 141.
138
Calculate the remainder when 1427317 is divided by 113.
14
What is the remainder when 86449347 is divided by 5590?
5587
What is the remainder when 1571771 is divided by 31422?
671
Calculate the remainder when 3388 is divided by 3317.
71
Calculate the remainder when 53631 is divided by 4121.
58
Calculate the remainder when 873803 is divided by 2664.
11
What is the remainder when 214952 is divided by 42849?
707
Calculate the remainder when 55568484 is divided by 97.
94
Calculate the remainder when 113037743 is divided by 16.
15
What is the remainder when 12554553 is divided by 2934?
2901
What is the remainder when 36141923 is divided by 43?
36
What is the remainder when 6145095 is divided by 130?
125
What is the remainder when 22286008 is divided by 768480?
88
What is the remainder when 41906 is divided by 4641?
137
Calculate the remainder when 41844 is divided by 1180.
544
Calculate the remainder when 8139591 is divided by 1017446.
23
Calculate the remainder when 586736 is divided by 12755.
6
Calculate the remainder when 262981492 is divided by 125.
117
What is the remainder when 5369870 is divided by 81361?
44
Calculate the remainder when 102701 is divided by 3212.
3129
Calculate the remainder when 52797 is divided by 12.
9
What is the remainder when 2424140 is divided by 36181?
13
Calculate the remainder when 43980 is divided by 13366.
3882
Calculate the remainder when 69476687 is divided by 272.
271
What is the remainder when 402006 is divided by 1223?
862
What is the remainder when 172745 is divided by 154?
111
What is the remainder when 9781670 is divided by 1358?
1354
What is the remainder when 29663 is divided by 7415?
3
Calculate the remainder when 20450082 is divided by 1804.
1742
What is the remainder when 64238295 is divided by 55?
0
Calculate the remainder when 17876342 is divided by 62.
6
What is the remainder when 584052 is divided by 58364?
412
What is the remainder when 411591 is divided by 411100?
491
What is the remainder when 636809 is divided by 8490?
59
Calculate the remainder when 2735243 is divided by 2734929.
314
Calculate the remainder when 6779414 is divided by 1009.
952
What is the remainder when 32097447 is divided by 25?
22
Calculate the remainder when 5820186 is divided by 943.
933
Calculate the remainder when 53293 is divided by 53221.
72
What is the remainder when 2390366 is divided by 1042?
18
What is the remainder when 4699843 is divided by 6922?
6727
Calculate the remainder when 600537 is divided by 9834.
663
Calculate the remainder when 1474265 is divided by 294846.
35
What is the remainder when 3369663 is divided by 123?
78
What is the remainder when 13483676 is divided by 336?
332
What is the remainder when 313558 is divided by 689?
63
What is the remainder when 25141148 is divided by 8380382?
2
What is the remainder when 82603 is divided by 4407?
3277
What is the remainder when 47186013 is divided